se 3, what is 21 + -21122?
-21101
In base 8, what is 2 - -370?
372
In base 9, what is 1 + 10463?
10464
In base 7, what is 1 - 133?
-132
In base 5, what is -111 - 24?
-140
In base 3, what is -212 - 21?
-1010
In base 14, what is -49 + 3?
-46
In base 6, what is -414 + 1?
-413
In base 7, what is -233545 + 5?
-233540
In base 9, what is 6 - -211?
217
In base 14, what is 3609 - -1?
360a
In base 4, what is 0 - -11200?
11200
In base 10, what is 127 + -1?
126
In base 5, what is 23 - -110?
133
In base 16, what is 1a + -ca?
-b0
In base 9, what is -14 + -7?
-22
In base 3, what is -10111022 + 1?
-10111021
In base 2, what is 100 + -101001001?
-101000101
In base 16, what is 2 + 4c?
4e
In base 9, what is -70 + 6?
-63
In base 13, what is -11 - -5a?
49
In base 15, what is 1e - -43?
62
In base 6, what is 14 + -5?
5
In base 6, what is 2030 + 21?
2051
In base 6, what is 1 - 10033?
-10032
In base 2, what is 10000110010 - 1?
10000110001
In base 7, what is 2 + -222?
-220
In base 14, what is -7b1 + 1?
-7b0
In base 11, what is 151 - 2?
14a
In base 15, what is -29 + 5b?
32
In base 14, what is -1 + 18?
17
In base 10, what is -1862 + 5?
-1857
In base 4, what is -112331 + 3?
-112322
In base 14, what is 0 + 18?
18
In base 5, what is 143322 + 1?
143323
In base 10, what is -54 + -4?
-58
In base 11, what is 2 - 1500?
-14a9
In base 6, what is -20 + 41?
21
In base 13, what is 7ac + -3?
7a9
In base 12, what is -1 + -6?
-7
In base 14, what is -d + -30?
-3d
In base 16, what is 1 + -22?
-21
In base 4, what is 1002 - -110?
1112
In base 14, what is 3 - -62?
65
In base 13, what is 8 - -6a?
75
In base 7, what is 356 - 2?
354
In base 10, what is 371 - 2?
369
In base 10, what is -2153 + 10?
-2143
In base 5, what is 2 - 442?
-440
In base 3, what is -211 + 122?
-12
In base 9, what is 304 - -6?
311
In base 9, what is -4 + 121?
116
In base 10, what is 1 + -35?
-34
In base 13, what is 15b - b?
150
In base 6, what is 55 - -1251?
1350
In base 2, what is 1001001 + -1?
1001000
In base 7, what is -1065 - -11?
-1054
In base 14, what is -2 + 2784?
2782
In base 16, what is 10 - 0?
10
In base 16, what is -ec + 9?
-e3
In base 15, what is 31 - 1?
30
In base 13, what is 1 - 161?
-160
In base 6, what is 11 - 30?
-15
In base 14, what is 2 + a0?
a2
In base 13, what is -c4 + -86?
-17a
In base 14, what is -18 - -176?
15c
In base 16, what is -3c5 + 1?
-3c4
In base 3, what is -2110020 - -10?
-2110010
In base 16, what is -3 - 2a?
-2d
In base 6, what is -5 - 103?
-112
In base 7, what is 145653 + -5?
145645
In base 3, what is 11212 + 20?
12002
In base 9, what is -8 - -17?
8
In base 7, what is 5 - 1054?
-1046
In base 7, what is 401 - -5?
406
In base 15, what is -d4 - -13?
-c1
In base 3, what is 21212 - -1?
21220
In base 2, what is 101 - 110011001?
-110010100
In base 7, what is -10511 - -4?
-10504
In base 16, what is 1 - 1a?
-19
In base 8, what is 3633 + 3?
3636
In base 6, what is 350 - -1?
351
In base 11, what is 1 - -50a?
510
In base 2, what is 1111110 - -11?
10000001
In base 6, what is 5 + -5534?
-5525
In base 2, what is 100101 + 101?
101010
In base 7, what is 1113 + 4?
1120
In base 9, what is 6 - 41?
-34
In base 9, what is 1 + 51?
52
In base 14, what is 388 + 4?
38c
In base 2, what is -1111 + 1011000010?
1010110011
In base 5, what is 10133 + 11?
10144
In base 11, what is -1 - 53?
-54
In base 2, what is -1010111101 + -10?
-1010111111
In base 11, what is -2a0 + 64?
-237
In base 8, what is 14 + 63?
77
In base 3, what is 22202202 + 11?
22202220
In base 8, what is -5 - -1335?
1330
In base 12, what is 22 - 28?
-6
In base 2, what is -11110111010 + 10?
-11110111000
In base 9, what is 18 + -173?
-154
In base 13, what is 555 + 6?
55b
In base 14, what is -8 + 2a?
22
In base 9, what is 107 + 6?
114
In base 10, what is 1 + -132?
-131
In base 5, what is 2110 + 1?
2111
In base 3, what is -112121 + -11?
-112202
In base 3, what is 211222 + 110?
212102
In base 16, what is 8 + 9ec?
9f4
In base 5, what is 23013 + -4?
23004
In base 10, what is 4 + 546?
550
In base 6, what is 141 + -13?
124
In base 4, what is 33 + -1123?
-1030
In base 14, what is 23 - 11?
12
In base 5, what is -4 + -32?
-41
In base 14, what is -27d5 + 0?
-27d5
In base 9, what is 4 - 7?
-3
In base 12, what is -1 + -15?
-16
In base 5, what is 11244 - -3?
11302
In base 15, what is -5c + -4?
-61
In base 7, what is -2 + -43?
-45
In base 8, what is -3 - 63?
-66
In base 15, what is 6de4 + 4?
6de8
In base 7, what is -2214 - 1?
-2215
In base 16, what is 1442 + -7?
143b
In base 12, what is 1 + 18?
19
In base 7, what is 16 + -56?
-40
In base 6, what is -10 - 34?
-44
In base 16, what is -34 - 5?
-39
In base 3, what is -2 + 2200?
2121
In base 7, what is 362 - 135?
224
In base 3, what is -12 - 12220?
-20002
In base 10, what is 103 - 8?
95
In base 4, what is 1120 + -11?
1103
In base 4, what is 1 - -333?
1000
In base 7, what is 3 - 6631?
-6625
In base 13, what is 156 - 8?
14b
In base 16, what is 2 + 20?
22
In base 5, what is 1102 - -1001?
2103
In base 14, what is 75b - -5?
762
In base 7, what is 32 + 5?
40
In base 8, what is 10 - 651?
-641
In base 3, what is 210002 - 10?
202222
In base 12, what is -9 + -20?
-29
In base 2, what is 11 - -11100101111?
11100110010
In base 7, what is 2 - -520?
522
In base 8, what is 0 - 1563?
-1563
In base 13, what is -18 - -1?
-17
In base 10, what is 0 + -35?
-35
In base 11, what is 2 + -108?
-106
In base 14, what is -5 + -1aa?
-1b1
In base 15, what is -2a + 2a?
0
In base 14, what is 4 + 5c?
62
In base 2, what is -10111010110 - -100?
-10111010010
In base 3, what is -11 + -2020?
-2101
In base 9, what is 2 - 480?
-477
In base 11, what is -6 + -71?
-77
In base 2, what is -11 + -1100?
-1111
In base 8, what is -2 - -767?
765
In base 10, what is -6 - 43?
-49
In base 8, what is 35 + 2?
37
In base 16, what is -e - -e?
0
In base 6, what is 3 - 4345?
-4342
In base 13, what is -1c + 11?
-b
In base 6, what is -24 + -43?
-111
In base 10, what is 291 - 0?
291
In base 15, what is -4 - 720?
-724
In base 11, what is 181 + 84?
255
In base 15, what is 495 + -1?
494
In base 12, what is 3500 + -2?
34ba
In base 2, what is -10101 + 1000?
-1101
In base 6, what is 0 + -5?
-5
In base 4, what is -2210 + 11?
-2133
In base 13, what is -4 + -65b?
-662
In base 16, what is -39 - 1b3?
-1ec
In base 13, what is 197 + 4?
19b
In base 10, what is 4 - -466?
470
In base 9, what is -10 + 0?
-10
In base 12, what is -209 - 20?
-229
In base 5, what is 10 - 2023?
-2013
In base 4, what is -3 + -23210?
-23213
In base 6, what is -4 - 35?
-43
In base 3, what is 11 + -1120112?
-1120101
In base 10, what is -323 + -1?
-324
In base 12, what is -2 - -199?
197
In base 16, what is 0 + 137?
137
In base 6, what is 1 - -11453?
11454
In base 5, what is -10 + 411?
401
In base 8, what is -3 + 461?
456
In base 14, what is 8 + 7bd?
7c7
In base 9, what is 28 + -23?
5
In base 12, what is 92 - -10?
a2
In base 14, what is 153 + -3?
150
In base 9, what is -15 + -36?
-52
In base 2, what is -110101110 - -100?
-110101010
In base 2, what is -100 + -100101010010?
-100101010110
In base 7, what is 4 + -2441?
-2434
In base 5, what is 2044 - 0?
2044
In base 16, what is -13 - -4?
-f
In base 14, what is 175b - -3?
1760
In base 8, what is 2 + -1601?
-1577
In base 9, what is -4 - -43?
38
In base 9, what is 4 - -22?
26
In base 14, what is 58 + 6?
60
In base 14, what is 57 + 11?
68
In base 12, what is 8b8 - -1?
8b9
In base 15, what is -77 - 45?
-bc
In base 6, what is -1151 + -100?
-1251
In base 15, what is 96 + -5?
91
In base 16, what is a + 5d?
67
In base 14, what is -b - -d?
2
In base 4, what is 2 + 22221?
22223
In base 5, what is -3 + -302?
-310
In base 5, what is -230 - -231?
1
In base 9, what is -10 + -64?
-74
In base 4, what is -1201 - -21?
-1120
In base 10, what is 60 + 33?
93
In base 7, what is -120 - 2?
-122
In base 12, what is -3 - 88?
-8b
In base 3, what is -2 + 12?
10
In base 14, what is -5 + -1455?
-145a
In base 14, what is -259 - -12?
-247
In base 6, what is 0 + 1110?
1110
In base 13, what is a8 - ac?
-4
In base 9, what is 70 - -1?
71
In base 15, what is 1 - 7b?
-7a
In base 11, what is 4 + 344?
348
In base 6, what is -1 + 131?
130
In base 2, what is 100000100 + 1?
100000101
In base 13, what is 5a + -4?
56
In base 10, what is -178 - 5?
-183
In base 9, what is -241 + 0?
-241
In base 5, what is 1 + 1314?
1320
In base 9, w